, what is -10 + -1100000110100001100000?
-1100000110100001100010
In base 10, what is 104555634 + 1?
104555635
In base 10, what is 5 - 244090?
-244085
In base 15, what is 20912 - -d15?
21727
In base 13, what is -768 - -1024b4?
101a49
In base 9, what is -3 + -25364572?
-25364575
In base 14, what is -3bcdd7 + -31?
-3bd028
In base 7, what is -353526 + 2356?
-351140
In base 8, what is 223 - 1124543?
-1124320
In base 14, what is -8 - -153d32?
153d28
In base 12, what is 2 - -997243?
997245
In base 8, what is -267367366 + -5?
-267367373
In base 12, what is -14b92718b + 0?
-14b92718b
In base 13, what is -7 - 310ba96?
-310baa0
In base 5, what is 13 - -10142443204?
10142443222
In base 15, what is 1447 + -4784?
-333c
In base 16, what is -9c813 + -12?
-9c825
In base 11, what is 37 + 219707?
219743
In base 8, what is 11046 + -60334?
-47266
In base 6, what is -1205143000 - -5?
-1205142551
In base 8, what is 2 + 11526455?
11526457
In base 13, what is -1994810 - 2?
-1994812
In base 10, what is 14653567 + -8?
14653559
In base 16, what is -1ccc9a + 8f?
-1ccc0b
In base 7, what is 13336401 - -21?
13336422
In base 12, what is -75b90 + -39?
-76009
In base 16, what is 5765e02 - 3?
5765dff
In base 7, what is -36205 + 4513?
-31362
In base 3, what is -222200021000 - -1020?
-222200012210
In base 15, what is ae962 - ad?
ae8a4
In base 2, what is 100111010110001 - 1101101100?
100101101000101
In base 7, what is 20243615 + -663?
20242622
In base 9, what is -120 - -114572?
114452
In base 8, what is -16217 - 570?
-17007
In base 14, what is 109b - 722?
779
In base 11, what is -6319a1 - -3?
-631999
In base 5, what is 414020301 - -112?
414020413
In base 12, what is 61 + 827b?
8320
In base 2, what is -101 + 10010110111110110110?
10010110111110110001
In base 10, what is -5558085 + -3?
-5558088
In base 11, what is -158 + 3923a6?
392249
In base 16, what is d1c72 - 5?
d1c6d
In base 13, what is -2310b6 - -35?
-231081
In base 7, what is -1021 + -1140066?
-1141120
In base 10, what is -255 - -196940?
196685
In base 16, what is -69 + -6d65?
-6dce
In base 13, what is 2288180 + -1?
228817c
In base 4, what is 0 - -20020122?
20020122
In base 16, what is -5d1 - -185c?
128b
In base 11, what is 4 - -320376?
32037a
In base 8, what is 3 - 204156747?
-204156744
In base 2, what is 100 - 110101101011110010100100?
-110101101011110010100000
In base 12, what is 40802 - 847?
3bb77
In base 7, what is 31205 + -41633?
-10425
In base 3, what is -111121100221110 + -211?
-111121100222021
In base 2, what is 11000011001100 - -100100011000100?
111100110010000
In base 11, what is 6886 - 224a4?
-16719
In base 9, what is 4503542 - 187?
4503344
In base 11, what is -1657 - -180a3?
16547
In base 3, what is 12221000121101111 - 1?
12221000121101110
In base 16, what is f5 - -3e9f8?
3eaed
In base 9, what is -18727666 + -4?
-18727671
In base 11, what is -2298 + -1aa7?
-4294
In base 5, what is 12 - 232223303?
-232223241
In base 8, what is 4043 - 21110?
-15045
In base 4, what is 0 - 100233313302?
-100233313302
In base 16, what is 6 + 577c46?
577c4c
In base 12, what is -5 - 6361a36?
-6361a3b
In base 5, what is -10 - 142300440?
-142301000
In base 11, what is -3255242 + 0?
-3255242
In base 3, what is -1201100000100201 - 12?
-1201100000100220
In base 12, what is 14a40 - 114a?
138b2
In base 14, what is -37698d2b - 2?
-37698d2d
In base 2, what is -111101 - 110011000000110011110?
-110011000000111011011
In base 13, what is -7 - 15310?
-15317
In base 3, what is -221202100010 - -1012?
-221202021221
In base 16, what is 13 - 13419b?
-134188
In base 7, what is -43211 + 2250?
-40631
In base 5, what is 2 - 41211404042?
-41211404040
In base 14, what is bd04423 + 4?
bd04427
In base 3, what is -2000022020 - 10020?
-2000102110
In base 4, what is 332102 + -11003202?
-10011100
In base 7, what is 64611 + 652?
65563
In base 12, what is -a34804 + -7?
-a3480b
In base 16, what is -50450 + a?
-50446
In base 15, what is 5 + -9c96b2?
-9c96ac
In base 2, what is -1111001010001010101 - 10010?
-1111001010001100111
In base 13, what is 53 - b5132?
-b50ac
In base 7, what is -223404 - -4?
-223400
In base 5, what is -12 - 400002444?
-400003011
In base 16, what is 7357 + 17?
736e
In base 16, what is 36f12 + -517?
369fb
In base 13, what is 5 - -140a427?
140a42c
In base 4, what is 1120 + -122031001?
-122023221
In base 16, what is -3 + -253b72?
-253b75
In base 14, what is -8d + 39d25?
39c76
In base 3, what is 10010000102120 + 2?
10010000102122
In base 2, what is -1000101010001010 + -1100011?
-1000101011101101
In base 14, what is 2 + 1a2c6?
1a2c8
In base 11, what is 392 - 124056?
-123774
In base 11, what is -5 + -15834334?
-15834339
In base 6, what is -113113353 + 2?
-113113351
In base 13, what is -7ca62 - -59?
-7ca06
In base 4, what is -212022 - -101213?
-110203
In base 8, what is -2110236455 + -5?
-2110236462
In base 10, what is -4 - 18599957?
-18599961
In base 6, what is 45332 - 25501?
15431
In base 16, what is -555095 + 52?
-555043
In base 16, what is -1a0f77 - -2?
-1a0f75
In base 11, what is 6103529 + -9?
6103520
In base 2, what is -11100 - -1000110100100101000?
1000110100100001100
In base 14, what is -31 - -122b19?
122ac8
In base 2, what is -10110111110011101111010110 - 10100?
-10110111110011101111101010
In base 15, what is -6a61 + c82?
-5cce
In base 2, what is 1010 + -1101100101000000011?
-1101100100111111001
In base 8, what is -272356 - 67?
-272445
In base 7, what is 1226260321 - 13?
1226260305
In base 6, what is 22513 + 113021?
135534
In base 15, what is -36 + 118bc?
11886
In base 15, what is -9cc81 - 22?
-9cca3
In base 9, what is 204245 - 885?
203250
In base 16, what is 1a - -86d5f6?
86d610
In base 6, what is 130 + 112045022?
112045152
In base 9, what is -1 + -6314818?
-6314820
In base 11, what is 269 + -14425a1?
-1442333
In base 13, what is -20793 + b3c?
-1c954
In base 10, what is -575 + 18362?
17787
In base 8, what is -623 - 30716?
-31541
In base 5, what is 4 + 4302324124?
4302324133
In base 9, what is -10061 - 32408?
-42470
In base 3, what is 12 + -2220101020002111?
-2220101020002022
In base 14, what is -1 + -25705d?
-257060
In base 11, what is 125 + -261a65?
-261940
In base 15, what is 48ed2 + 507?
494d9
In base 2, what is -11011101111001000 - 101101?
-11011101111110101
In base 12, what is 133 + 3084180?
30842b3
In base 7, what is -411204 - -3?
-411201
In base 8, what is 4 - -20117513?
20117517
In base 7, what is -126 - -5622634?
5622505
In base 11, what is 150 + 1552408?
1552558
In base 4, what is -21220 + 111330?
30110
In base 4, what is 201013 - -102331332?
103133011
In base 4, what is -121123201301102 + -2?
-121123201301110
In base 15, what is -2a1 - ed0e?
-100b0
In base 13, what is -2b5069 - a8?
-2b5144
In base 9, what is -3444555 + -22?
-3444577
In base 13, what is -1763b05 + 7?
-1763acb
In base 7, what is 122415 - 13311?
106104
In base 4, what is -1 - -301333021101?
301333021100
In base 15, what is 9 - -4ee4c5?
4ee4ce
In base 6, what is -5124005 + -155?
-5124204
In base 12, what is -5962 - 43?
-59a5
In base 10, what is 611333 - 149?
611184
In base 4, what is -10032112023 - -2?
-10032112021
In base 13, what is -2 - 34a6c0c?
-34a6c11
In base 4, what is -20 + -2231002133?
-2231002213
In base 15, what is -2a010 - cc1?
-2acd1
In base 10, what is 2 + -2716581?
-2716579
In base 9, what is -88007021 - 3?
-88007024
In base 4, what is 103033003 + -203203?
102223200
In base 4, what is 10030122122 - 322?
10030121200
In base 7, what is -10 + -332455242?
-332455252
In base 14, what is c10510 - 2?
c1050c
In base 5, what is 13002330133 - 3?
13002330130
In base 16, what is 5b6d + 2c7c?
87e9
In base 12, what is -44491557 - 1?
-44491558
In base 7, what is -2 + 102364446?
102364444
In base 5, what is 2432 + 113022?
121004
In base 11, what is 2613633 + 3?
2613636
In base 4, what is 303021332 - 2230?
303013102
In base 4, what is -11121220 + -1320220?
-13102100
In base 14, what is -2 - 24593c?
-245940
In base 12, what is 11 + -190531a?
-1905309
In base 6, what is 443 - 55541?
-55054
In base 8, what is -1526351 - 2402?
-1530753
In base 3, what is -220222012212 - 10?
-220222012222
In base 15, what is 32d4 + -5a9?
2c2a
In base 4, what is -1223 + 33110311?
33103022
In base 15, what is 1 + 60739e?
6073a0
In base 10, what is -1236 - 6410?
-7646
In base 15, what is -24 - b5